43
What are the prime factors of 46248900?
2, 3, 5, 31, 4973
What are the prime factors of 65216720?
2, 5, 815209
What are the prime factors of 6119031?
3, 17, 119981
List the prime factors of 4341912.
2, 3, 113, 1601
List the prime factors of 1518277492.
2, 113, 3359021
What are the prime factors of 618295234?
2, 37, 8355341
What are the prime factors of 2462693983?
2462693983
What are the prime factors of 144807101?
43, 1279, 2633
List the prime factors of 105964768.
2, 7, 13, 36389
What are the prime factors of 552955560?
2, 3, 5, 4607963
List the prime factors of 3031206215.
5, 606241243
List the prime factors of 1313927303.
13, 1091, 92641
List the prime factors of 50612012.
2, 11, 389, 2957
List the prime factors of 42701894.
2, 151, 141397
What are the prime factors of 85657386?
2, 3, 14276231
What are the prime factors of 48885445?
5, 7, 29, 48163
List the prime factors of 412770897.
3, 7, 11, 17, 229
List the prime factors of 5772422.
2, 109, 26479
List the prime factors of 1633354544.
2, 61, 1673519
List the prime factors of 1142525347.
19, 60132913
What are the prime factors of 272473951?
272473951
What are the prime factors of 230904493?
701, 329393
List the prime factors of 642762768.
2, 3, 1733, 7727
List the prime factors of 772246872.
2, 3, 1191739
What are the prime factors of 303448237?
277, 1095481
List the prime factors of 1181024774.
2, 4457, 132491
What are the prime factors of 168597889?
23, 839, 8737
What are the prime factors of 109681688?
2, 17, 806483
What are the prime factors of 1544740663?
73, 149, 142019
List the prime factors of 2485997871.
3, 7, 881, 134371
What are the prime factors of 77089970?
2, 5, 43, 61, 2939
List the prime factors of 406581012.
2, 3, 37, 101747
List the prime factors of 1530756173.
397, 659, 5851
What are the prime factors of 944533215?
3, 5, 20989627
List the prime factors of 92728647.
3, 11, 151, 6203
What are the prime factors of 4329628907?
5443, 795449
What are the prime factors of 45913227?
3, 2677, 5717
List the prime factors of 2340048476.
2, 43, 13604933
List the prime factors of 412083404.
2, 47, 293, 7481
List the prime factors of 34441179.
3, 653, 17581
List the prime factors of 134898115.
5, 11, 37, 151, 439
List the prime factors of 43300970.
2, 5, 4330097
List the prime factors of 7906197767.
13, 23, 73, 362221
List the prime factors of 530638568.
2, 66329821
List the prime factors of 146159074.
2, 73079537
What are the prime factors of 2729428636?
2, 11, 62032469
What are the prime factors of 335165844?
2, 3, 13, 23, 109, 857
List the prime factors of 139224771.
3, 7, 736639
What are the prime factors of 3318717235?
5, 47, 83, 229, 743
What are the prime factors of 119828271?
3, 97, 509, 809
What are the prime factors of 242579621?
59, 4111519
What are the prime factors of 10775509?
10775509
What are the prime factors of 937202794?
2, 11, 42600127
List the prime factors of 56077953.
3, 18692651
List the prime factors of 132910980.
2, 3, 5, 149, 14867
What are the prime factors of 469219157?
11, 67, 79, 8059
List the prime factors of 41682368.
2, 7, 13, 17, 421
What are the prime factors of 91724165?
5, 13, 1411141
What are the prime factors of 11353408?
2, 11, 16127
What are the prime factors of 1523913083?
7, 11, 29, 8863
List the prime factors of 492805143.
3, 167, 327881
What are the prime factors of 299213141?
17, 23, 765251
What are the prime factors of 6145794475?
5, 773, 318023
What are the prime factors of 2357478527?
29, 81292363
List the prime factors of 99024516.
2, 3, 1619, 1699
What are the prime factors of 22903995?
3, 5, 1526933
What are the prime factors of 1504878287?
11, 136807117
What are the prime factors of 849809733?
3, 1901, 149011
What are the prime factors of 366402539?
61, 6006599
List the prime factors of 143666324.
2, 3329, 10789
What are the prime factors of 339942313?
339942313
What are the prime factors of 3670511807?
389, 9435763
What are the prime factors of 183152026?
2, 71, 1289803
What are the prime factors of 113776995?
3, 5, 7585133
What are the prime factors of 116488511?
116488511
What are the prime factors of 128278216?
2, 11, 1013, 1439
What are the prime factors of 22649206?
2, 47, 83, 2903
List the prime factors of 62623732.
2, 15655933
List the prime factors of 82524165.
3, 5, 1373, 4007
List the prime factors of 701832987.
3, 77981443
What are the prime factors of 83743872?
2, 3, 218083
List the prime factors of 93032078.
2, 46516039
What are the prime factors of 337464642?
2, 3, 37, 809, 1879
List the prime factors of 30773423.
43, 79, 9059
List the prime factors of 107164011.
3, 35721337
List the prime factors of 79203850.
2, 5, 11, 17, 43, 197
List the prime factors of 47715426.
2, 3, 11, 80329
List the prime factors of 1228041863.
14033, 87511
What are the prime factors of 1113576075?
3, 5, 17, 29, 10039
List the prime factors of 1258195545.
3, 5, 37, 331, 761
What are the prime factors of 19044492?
2, 3, 37, 59, 727
List the prime factors of 9696696.
2, 3, 404029
List the prime factors of 91245708.
2, 3, 2534603
List the prime factors of 8805573195.
3, 5, 29, 20242697
What are the prime factors of 1482097902?
2, 3, 1009, 244813
What are the prime factors of 4022135823?
3, 73, 18365917
What are the prime factors of 357522647?
61, 5861027
What are the prime factors of 743801314?
2, 16493, 22549
List the prime factors of 483569304.
2, 3, 19, 1009, 1051
List the prime factors of 205415978.
2, 3929, 26141
List the prime factors of 271526105.
5, 54305221
List the prime factors of 459562174.
2, 229781087
What are the prime factors of 198213516?
2, 3, 41, 134291
List the prime factors of 56477501.
2179, 25919
List the prime factors of 5380844872.
2, 13, 311, 166363
List the prime factors of 1628727754.
2, 29, 47, 439, 1361
List the prime factors of 167511046.
2, 97, 673, 1283
List the prime factors of 260663856.
2, 3, 17, 319441
What are the prime factors of 195917025?
3, 5, 139, 18793
List the prime factors of 1062348086.
2, 531174043
What are the prime factors of 512137590?
2, 3, 5, 19, 109, 8243
List the prime factors of 297770971.
233, 401, 3187
What are the prime factors of 455798469?
3, 7, 21704689
List the prime factors of 839801821.
839801821
What are the prime factors of 35106863?
11, 3191533
List the prime factors of 209536706.
2, 7649, 13697
What are the prime factors of 206298342?
2, 3, 163, 70313
List the prime factors of 1762629208.
2, 220328651
What are the prime factors of 1801214184?
2, 3, 7, 11, 433, 2251
What are the prime factors of 368248988?
2, 92062247
What are the prime factors of 1028131379?
11, 1619, 57731
List the prime factors of 213573964.
2, 71, 199, 3779
What are the prime factors of 38353485?
3, 5, 953, 2683
List the prime factors of 663307226.
2, 79, 643, 6529
What are the prime factors of 1390313567?
17, 41, 1994711
List the prime factors of 161311265.
5, 359, 89867
What are the prime factors of 957168702?
2, 3, 7, 7596577
What are the prime factors of 3154432688?
2, 11, 17, 62017
What are the prime factors of 84830370?
2, 3, 5, 2827679
List the prime factors of 327056559.
3, 647, 168499
List the prime factors of 46908828.
2, 3, 31, 14011
List the prime factors of 283052048.
2, 47, 376399
What are the prime factors of 3416996699?
257, 13295707
List the prime factors of 136967519.
13, 10535963
What are the prime factors of 352982610?
2, 3, 5, 23, 18947
What are the prime factors of 111296157?
3, 7, 107, 49531
List the prime factors of 539864562.
2, 3, 151, 595877
List the prime factors of 2087925338.
2, 193, 5409133
What are the prime factors of 123272418?
2, 3, 19, 1081337
What are the prime factors of 106973267?
106973267
List the prime factors of 60548987.
60548987
What are the prime factors of 48771473?
48771473
What are the prime factors of 5434760?
2, 5, 19, 7151
List the prime factors of 4997037.
3, 1665679
List the prime factors of 56750809.
67, 347, 2441
List the prime factors of 827238871.
827238871
What are the prime factors of 147559851?
3, 2593, 6323
List the prime factors of 34663029.
3, 349, 33107
List the prime factors of 1643775273.
3, 7, 26091671
List the prime factors of 986067381.
3, 13, 107, 236297
List the prime factors of 1023086620.
2, 5, 1993, 25667
What are the prime